133 - 106. What are the prime factors of y(7)?
2, 17, 23
List the prime factors of (-12)/(-16) - (6 + (898143/(-12) - 0)).
2, 5, 1871
Let h = 48710 - 19102. What are the prime factors of h?
2, 3701
Suppose 5580 - 18824 = 11*t. Let b = 2924 + t. List the prime factors of b.
2, 5, 43
Let z(d) = d**3 - 20*d**2 + 2*d - 37. Suppose 0*c - 10*c + 200 = 0. Let a be z(c). Let q = a + 130. What are the prime factors of q?
7, 19
Suppose 5*h - 29 - 110 = -2*g, 2*h - 270 = -4*g. Let x = -65 + g. Suppose -o + 69 = w, 4*w - 54 = x*o - 3*o. What are the prime factors of o?
2, 37
Let v(n) = 6*n - 10. Let f be v(2). Suppose f*g + 7*r = 3*r + 152, -g + 68 = 4*r. What are the prime factors of g?
2, 3, 7
Let p(v) = -120*v - 209. Let x be p(-5). Let m = x - 325. What are the prime factors of m?
2, 3, 11
Let q(j) = 6*j**2 + 3*j - 11. Let t(m) = -5*m**2 - 2*m + 12. Let a(l) = -4*q(l) - 5*t(l). Let u = -3550 + 3560. List the prime factors of a(u).
2
Let a(t) = 7 + 118*t + 1 + 0 - 4. What are the prime factors of a(2)?
2, 3, 5
Suppose -43*a - 10 = -45*a. Suppose x - a*z + 4*z - 119 = 0, -2*x + 246 = -4*z. What are the prime factors of x?
5, 23
Suppose -224*f - 45056 = -72*f - 2234160. List the prime factors of f.
2, 19, 379
Suppose -266 = -4*l + 66. Let a = 215 - l. Suppose -v - 4*q + a = v, 3*v = 3*q + 180. List the prime factors of v.
2, 31
List the prime factors of 10426 - ((1 - -1) + (-17 + 3 - -8)).
2, 5, 7, 149
Let x(w) = -26*w + 10 - 34 - 56*w. What are the prime factors of x(-8)?
2, 79
Let f(t) = -2*t**2 - 7*t - 3. Let r be f(-3). Let g = r - 9. List the prime factors of 39/(-3)*(2 + g + 0).
7, 13
Let a = -25760 + 45319. What are the prime factors of a?
19559
Let r(h) = 30*h - 219. Suppose 2*y - y - 14 = -2*i, -52 = -3*y - 4*i. List the prime factors of r(y).
3, 167
Suppose -481 = i - 0*i. Let r be i/5 - 1/(-5). Let d = -18 - r. List the prime factors of d.
2, 3, 13
Suppose 5*i + m = 105 + 131, 5*i + 2*m = 232. Suppose -29*d - i = -33*d. Suppose -3*k - d = 3*f - 54, -3*k - 4*f + 47 = 0. List the prime factors of k.
3
Let m(h) = 30*h - 61. Let w be m(6). Let g = w - 114. Suppose g*a + 5*y - 280 = 0, 196 + 80 = 5*a + y. What are the prime factors of a?
5, 11
Let s be (-1)/3 - -44*(-134)/(-12). Let z = s - 170. List the prime factors of z.
3, 107
Suppose 22*b - 98046 = -31782. What are the prime factors of b?
2, 3, 251
Suppose -246 = -20*w + 18*w. Let a be (-2)/(-2) + 87 + 0/(-26). Let q = w - a. What are the prime factors of q?
5, 7
What are the prime factors of (-787488)/(-1326) + (-2)/(-17)?
2, 3, 11
Let p be -6 - -1*(2 - 3). Let i(w) = -w**3 - 4*w**2 - 19*w - 15. List the prime factors of i(p).
5, 53
Let v be -9*(2/(-4) + 3/(-6)). Suppose 0 = -v*t + 40 - 13. Let b(g) = 30*g - 16. What are the prime factors of b(t)?
2, 37
Suppose -w - 11697 + 50445 = 5*f, -f + 7756 = -3*w. List the prime factors of f.
2, 5, 31
Let z(u) = u**2 + 27*u + 839. What are the prime factors of z(-31)?
3, 107
Suppose 0 = -16*c + 3013 - 565. Let t = c - 77. Suppose m = 3*m - t. List the prime factors of m.
2, 19
Let v = -2524 - -7909. What are the prime factors of v?
3, 5, 359
Let w = 44 + -41. Let v be w/((-27)/12)*-3 - 0. Suppose -3*p = -3*t - v*p + 137, -78 = -2*t - 4*p. What are the prime factors of t?
47
Suppose -148*r + 150*r - 288 = 0. Suppose 0 = -w + r + 136. List the prime factors of w.
2, 5, 7
Suppose 0 + 4 = 2*z. Suppose -z*t + 3*i - 2 = 3*t, 4*t - 4 = i. Suppose -222 = -q - t*q. List the prime factors of q.
2, 37
Let l be -1 + -2 - (-6 - -1). Let m(j) = -2*j + 4. Let u be m(l). List the prime factors of (u + (-1 - 0))*-24.
2, 3
Suppose 249 = -3*h - 0*h. Let o = 481 + -309. Let l = h + o. List the prime factors of l.
89
Let r(n) = -n**3 + 11*n**2 + 31*n + 11. Suppose u - 8 = 5. Let w be r(u). Suppose -3*z = -c - 6*z + w, -3*c + 239 = -2*z. List the prime factors of c.
79
Let c(y) = 4*y + 1. Suppose 9*w - 17*w = -8. Let r be c(w). What are the prime factors of ((-30)/(-5))/(-3) + r?
3
Suppose -379400 = 613*r - 633*r. List the prime factors of r.
2, 5, 7, 271
Let t(j) = 133*j**2 + 3. Let x be t(3). Let r = 1689 - x. List the prime factors of r.
3, 163
What are the prime factors of 179872/14 + 5 - (4 - 5)?
2, 6427
Suppose -49 = -30*h + 41. Suppose -h*n - 4699 = -4*i + 516, 0 = 5*i + n - 6533. What are the prime factors of i?
2, 653
Let a(q) = -q**3 + 29*q**2 - 24*q + 31. Let p be a(28). Let n = 172 + p. What are the prime factors of n?
3, 5, 7
Let n = -3191 - -3957. List the prime factors of n.
2, 383
Suppose -84*w + 173*w - 5735427 = 0. List the prime factors of w.
3, 21481
Suppose -28878*h = -28875*h - 102660. What are the prime factors of h?
2, 5, 29, 59
Let m(r) = -11*r + 52. Suppose 2*p - 583 = 5*i - p, 0 = i + 4*p + 112. Let q = -133 - i. List the prime factors of m(q).
239
Let k = -64 + 92. Let v = k - -149. List the prime factors of v.
3, 59
Let b(g) = -g**3 - 3*g**2 + 7*g - 11. Let l be b(-5). Let i(y) = 4*y - 13. Let h be i(l). What are the prime factors of (-3)/(-9) + 473/h?
2, 79
Let h = 40 + -15. Let f be 3 - (-1 - -4 - h). Suppose -5*g + f + 595 = 0. List the prime factors of g.
2, 31
Let f(o) = -16 - 19 + 82 - 5*o - 12 + 5. Let a = -26 - -16. What are the prime factors of f(a)?
2, 3, 5
Let n(j) = -235*j + 15. Let c be n(4). What are the prime factors of (-120)/780 + c/(-13)?
71
Suppose 0 = 34*h - 65*h + 71269. Let x = h + -1184. What are the prime factors of x?
5, 223
Let g = 74 + 61. Suppose -5*u = -0*j - 2*j + g, 3*u = 5*j - 366. What are the prime factors of j?
3, 5
Let p(d) be the second derivative of -d**4/12 + 13*d**3/6 + 10*d**2 - 20*d. Let s be p(18). Let j = s - -126. List the prime factors of j.
2, 7
Let g be (-1)/6 + (-50)/(-12). Let y be (-2)/3*(-234)/g. List the prime factors of y - (4 - (8 - 3)).
2, 5
Suppose 0*l - 234 = -3*l. Suppose 4 + l = -a. Let i = a + 209. What are the prime factors of i?
127
Suppose -48328*v + 977626 = -48302*v. List the prime factors of v.
19, 1979
Let y(o) = -o. Let g(v) = 85*v + 2. Let m(t) = -g(t) - 6*y(t). Let d be m(-1). Let i = d + -43. What are the prime factors of i?
2, 17
What are the prime factors of ((-60)/(-420))/((-4)/(-79324))?
2833
Suppose 3*q + u - 782 = 0, -4*q + 821 + 247 = -5*u. Suppose -j - 3*d = -q, -j + 3*d - 62 = -312. What are the prime factors of j?
2
Let b(o) = -7*o**3 - 2*o**2 - 2*o + 1. Let w be b(6). Let f = w - -1134. Let a = -223 - f. List the prime factors of a.
2, 7, 17
Suppose 4 = 2*j - 2*p, 5*p + 6 = 12*j - 11*j. List the prime factors of (2 - 4)*(-95 + (j - 3)).
2, 97
List the prime factors of 1/(-5) - (-4 + 689060/(-50)).
3, 5, 919
Let a be ((-228)/266)/(1/(-35)). Suppose -1638 = 17*n - a*n. List the prime factors of n.
2, 3, 7
Let o(u) = u**2 + 6*u + 1. Let n(d) = d**2 + 14*d + 27. Let v be n(-7). List the prime factors of o(v).
353
Suppose -4*p - 48*o + 10023 = -49*o, o - 2512 = -p. List the prime factors of p.
23, 109
Let h(d) = 89*d + 11447. List the prime factors of h(-48).
5, 7, 41
Suppose 80*o - 85*o = -25. Suppose -12 = -4*n + 8*n, -30 = -3*l + o*n. Suppose -3*y + 5*x + 470 = -0*x, 615 = 4*y + l*x. List the prime factors of y.
5, 31
List the prime factors of (50/2)/(633/1269165).
5, 401
Let i = -357 - -164. Let c = 121 + i. Let x = c + 212. List the prime factors of x.
2, 5, 7
Let a = -233 - -144. Let o = a + 101. Suppose 0 = 5*r + h + 4*h - 60, 0 = -r - 4*h + o. What are the prime factors of r?
2, 3
Let b be (22/4)/(6/12). Suppose -12 = v - b. What are the prime factors of 94 + -2 + 4/2 + v?
3, 31
Suppose 7*b = 4*b. Suppose 6*d - 8*d - 4 = b. What are the prime factors of d*789/(-12) - 6/(-12)?
2, 3, 11
Suppose 22*p - 16418 - 65862 = 0. Suppose -7*n + p = -1195. List the prime factors of n.
3, 5, 47
Let w be -1 + (-9)/(-15) - (-37485)/25. Suppose 4*q - 3*i - 1201 = -2*i, w = 5*q - 2*i. List the prime factors of q.
7, 43
Suppose 111 + 5 = -t. Let x = -116 - t. Suppose x = -2*f + 7*f - 855. List the prime factors of f.
3, 19
Suppose -11*t = 5559 - 43201. List the prime factors of t.
2, 29, 59
Suppose -22*q + 15 - 125 = 0. Let r(p) = -3*p**3 + 5*p**2 - 6*p - 12. What are the prime factors of r(q)?
2, 7, 37
Suppose 4*n + 4244 = -4*h, 3*h - 2*h = n - 1067. List the prime factors of (-35)/2*h/95.
2, 7
List the prime factors of 6/(15/(105/(-112))) - (-259990)/16.
16249
List the pri